r when g is divided by 24.
19
Let b = 48 + -72. Calculate the remainder when -1*(b + 2) - 0 is divided by (-1)/(-4) + (-47)/(-4).
10
Let o(n) = -32*n - 4. Suppose l - 164 = -l. Calculate the remainder when l is divided by o(-1).
26
Let v be 20/15 - (-2)/3. Suppose -6 = v*x - 4*x. What is the remainder when 8 is divided by x?
2
Suppose -6 = -0*d - d. Calculate the remainder when d is divided by ((-15)/(-10))/((-1)/(-2)).
0
Let s(t) = -2 + 0 + t**2 + 2*t**2 - 2*t + 1. Calculate the remainder when s(-1) is divided by 2.
0
Suppose -126 = -8*u - 6*u. Let y be 1/5 + (-79)/(-5). What is the remainder when y + (-6)/(-2) + -2 is divided by u?
8
Suppose 0 = 4*r - 7*r + 21. Calculate the remainder when 18 is divided by r.
4
Let p(x) = x**2 - x. Let z be p(2). Suppose 0 = 5*h + 94 - 4. What is the remainder when 14 is divided by (-86)/h - z/(-9)?
4
Suppose -6*q = -q + 3*t - 48, 0 = -4*t + 4. Calculate the remainder when 32 is divided by q.
5
Let g(h) = 27*h**3 + 2*h + 0*h - 1 - 1 - 26*h**3 + 6*h**2. What is the remainder when g(-4) is divided by 5?
2
Suppose 3*f = -2*v + 232, 5*f - 4*f - 77 = -v. Calculate the remainder when f is divided by 8.
6
Suppose -3*c + 0*k + 2*k + 15 = 0, 0 = -c + k + 6. Calculate the remainder when (16/(-6))/((-3)/9) is divided by c.
2
Let o = 97 - 77. What is the remainder when 55 is divided by o?
15
Let n be ((-3)/4)/((-4)/16). What is the remainder when (n + -2)*(0 - -17) is divided by 5?
2
Suppose -28 = -r + 2*u, 125 = 5*r + 3*u - 8*u. What is the remainder when r is divided by (-70)/21*36/(-10)?
10
Let u(c) = c**3 + 13*c**2 - 3*c - 17. What is the remainder when 63 is divided by u(-13)?
19
Suppose 0 = -4*w + 8, -28 = -3*a + 4*w - 0*w. Calculate the remainder when 59 is divided by a.
11
Let n be (-2)/((-1)/(-2) + -1). Suppose 0 = -5*q - 2*r + 53, n*q + 0*q = 2*r + 46. Let o = 30 - q. What is the remainder when o is divided by 10?
9
Let h = 48 - 33. Suppose 7*s = -q + 2*s - h, 2*s = 4*q - 6. Suppose -11 = -q*p - p. What is the remainder when 31 is divided by p?
9
Suppose 3 + 12 = -3*o, -l + 15 = -o. Let s(t) = 5*t**2 - 1. Calculate the remainder when l is divided by s(-1).
2
Suppose -4*v = -v - 39. Let d(o) be the third derivative of 7*o**4/24 - 2*o**3/3 + o**2. Calculate the remainder when d(4) is divided by v.
11
Let d(c) = c**2 - 4*c - 17. Calculate the remainder when 6 is divided by d(-3).
2
Let g be 4*-3*2 - 1. Let i = 67 + g. What is the remainder when i is divided by 15?
12
Let x be 48/(-18)*(-12)/1. Suppose 0 = 3*p - 46 - x. Calculate the remainder when 101 is divided by p.
23
Let g = -3 - -14. Calculate the remainder when 31 is divided by g.
9
Suppose -5*d = -9*d + 24. Calculate the remainder when 16 is divided by ((-6)/(-8))/(d/48).
4
Let x = -25 + 41. Let c = x + -9. Calculate the remainder when 12 is divided by c.
5
Let v(y) = 41*y**2 + 2*y + 1. What is the remainder when v(-1) is divided by 14?
12
Suppose -7*w = -11*w + 32. Calculate the remainder when w is divided by (-1)/(-3)*(7 - -2).
2
What is the remainder when (-3 - -8) + -3 + 167 is divided by 19?
17
Suppose 2*u - 5*y - 13 = 0, 4*u - 11 = -0*u + 5*y. What is the remainder when 3 is divided by 1*(1 + -4)/u?
0
Let r(m) = 2 - 10 - 21*m + 9*m - m**2. Calculate the remainder when 106 is divided by r(-7).
25
Suppose 4 + 0 = 4*y, 0 = -h - 2*y + 13. What is the remainder when 43 is divided by h?
10
Let t be (-1)/(-5) - 4/20. What is the remainder when 5 is divided by -1*(3 - t) - -6?
2
Let u = 73 + -53. Calculate the remainder when 76 is divided by u.
16
Suppose 3*r - l = 185, 5*r = -5*l + 274 + 61. Calculate the remainder when r is divided by 13.
11
Let n = -1 - -3. Let v be 0/((-9)/3) - -4. Suppose 3*b - v = -b. What is the remainder when n is divided by b?
0
Suppose -6*y + 3*y - 14 = -u, -y + 2 = 3*u. What is the remainder when 35 is divided by (-36)/(-4 + -2 - y)?
17
Let y(q) = 4*q**3 - 3*q**2 - 3*q + 7. What is the remainder when y(3) is divided by 21?
16
Suppose -3*u + 2*n + 26 = -2*n, -4*u + n + 52 = 0. Let j = 29 - -9. Calculate the remainder when j is divided by u.
10
Let w = 5 - 1. Let f be (10/6)/((-3)/(-9)). Suppose -13 = g + o + 2*o, 3*o + f = -5*g. What is the remainder when w is divided by g?
0
Let q = -11 - -22. Suppose -2*x + 4 = 2*x. Suppose 23 + x = 4*o. What is the remainder when q is divided by o?
5
Calculate the remainder when 5/(-2)*(-12 + 10) is divided by 2.
1
Let a(k) = 8*k**2 + 4*k + 4. What is the remainder when a(-2) is divided by 15?
13
Let v = 38 + -64. Let f = 2 - v. What is the remainder when f is divided by 10?
8
Let v be 5 - 7 - (-1 + -5). Suppose c = y - c + 27, 0 = v*y - 2*c + 120. What is the remainder when (-2)/4*-4 - y is divided by 12?
9
Let j(q) = -q**3 + 6*q**2 + 8*q + 9. Let h be j(7). Suppose -3*k - h = -61. Calculate the remainder when k is divided by 4.
3
Suppose 0 = -2*x + x - a + 8, -a = -2*x + 1. Let d(b) = 2 - 2 + 5 + 3 - b. What is the remainder when x is divided by d(5)?
0
Calculate the remainder when 67 is divided by 5 + -8 + 3 + 25.
17
Suppose 3*r - 2*w - 38 = 0, -4*w - 10 = -r + 6. Calculate the remainder when 29 is divided by r.
5
Let y = -78 - -131. What is the remainder when y is divided by 28?
25
Suppose 0 = 3*z - 3*g + 8 - 47, -4*z - g = -57. What is the remainder when z is divided by 4?
2
Let s(r) = 4*r + 13. Calculate the remainder when s(3) is divided by (1 + -3)/((-4)/14).
4
Let y(u) = -u**2 + 8*u - 10*u + 11*u - 6. What is the remainder when 34 is divided by y(6)?
10
Let p be (-6)/4 + (-3)/6. What is the remainder when 27 is divided by p/5 + (-144)/(-10)?
13
Suppose -3*l + 2*t + 9 = -6, 0 = -5*t. Calculate the remainder when 19 is divided by l.
4
Suppose 0 = u + 3 - 5. Suppose -46 = -u*s - 10. What is the remainder when 53 is divided by s?
17
Let m(b) = -5*b**3 - 2*b + 1. Let a be m(1). Let k(u) = -u**3 - 5*u**2 + 3*u - 2. What is the remainder when (-23)/(10/(-4) + 2) is divided by k(a)?
14
Suppose 30*y = 25*y + 445. What is the remainder when y is divided by 30?
29
Suppose c + 83 = 4*u, 0 + 4 = 4*c. Calculate the remainder when 103 is divided by u.
19
Suppose 2*r - 3*r + 4 = 0. Suppose n = 4*s - 4*n - 65, s + 2*n = 0. What is the remainder when s is divided by r?
2
What is the remainder when (28/(-3))/((-16)/24) is divided by 8?
6
Let u = -4 - -7. Suppose -2 - 10 = -u*b. What is the remainder when 37 is divided by b/12*(2 + 37)?
11
What is the remainder when 24 is divided by ((-3)/(-3)*-28)/(-2)?
10
What is the remainder when 33 is divided by ((-12)/(-14))/((-17)/(-357))?
15
Suppose 0 = 6*r - 43 - 191. Calculate the remainder when r is divided by 6.
3
Let c(m) = 3*m**3 - 2*m + 1. Let v be c(1). Suppose -5*a + 18 = v*l, -a = 3*l + 2*a - 18. What is the remainder when 11 is divided by l?
3
Suppose 0 = -2*c + 160 + 92. What is the remainder when c is divided by 32?
30
Suppose 2*w + 34 = 4*w. Suppose 0 = -3*k + 4*k - 10. Suppose 0 = 5*i + k, 2*i = l - i - 39. What is the remainder when l is divided by w?
16
Suppose 41 - 5 = 6*f. What is the remainder when 41 is divided by f?
5
Let i(t) = 11*t - 11. What is the remainder when 42 is divided by i(2)?
9
Let k = 2 + 30. Calculate the remainder when 29 is divided by (k/(-10))/(6/(-15)).
5
Let z(p) = 4*p - 40. What is the remainder when z(11) is divided by 1?
0
Let a(h) = 4 - 5*h - h**3 - 5*h**2 - 2 + 2. Suppose -4*g + 5*x = -25, x = -3*g + 9 + 24. Calculate the remainder when a(-5) is divided by g.
9
Let h(o) = -2*o - 6. Let k be h(-5). Suppose 0 = k*y - 0*y - 124. Calculate the remainder when y is divided by 16.
15
Let j(b) = b**3 + b**2 + b + 13. Let a be j(0). What is the remainder when 43 is divided by a + 5 + 0 + -3?
13
Suppose 41*r - 980 = 27*r. Suppose 5*p = i + 22, 0*p - 4*p + 16 = 0. Calculate the remainder when r is divided by 1 - (-2 - (i + 23)).
22
Let l(k) be the third derivative of k**4/24 - k**3/6 + k**2. Let p be l(6). Suppose -p*v = 5, 5*t + 0*v - v = 46. What is the remainder when 16 is divided by t?
7
Let r(g) = -g**3 - g**2 + g + 8. Suppose 0*t - 3 = -4*d - 3*t, 4*t = -3*d + 4. Calculate the remainder when 13 is divided by r(d).
5
Suppose 5*f = -p - 0 + 10, 4*p - 106 = 2*f. Calculate the remainder when p is divided by (-6)/30 - (-72)/10.
4
Let g(s) = -s - 8. Let h be g(-10). Suppose 3*v = 70 + 125. Suppose 3*o + h*o = v. What is the 